{"id":1817,"date":"2024-05-11T07:38:49","date_gmt":"2024-05-11T07:38:49","guid":{"rendered":"https:\/\/ekon.ws\/inicio\/?page_id=1817"},"modified":"2026-02-28T20:07:00","modified_gmt":"2026-02-28T20:07:00","slug":"solicitud-de-credito","status":"publish","type":"page","link":"https:\/\/ekon.ws\/inicio\/solicitud-de-credito\/","title":{"rendered":"Solicitud de cr\u00e9dito"},"content":{"rendered":"<div class=\"style-769 style-local-1817-c1 position-relative\" data-colibri-id=\"1817-c1\">\n<div id=\"reusable-sections\" class=\"h-section h-section-global-spacing d-flex align-items-lg-center align-items-md-center align-items-center style-860 style-local-1817-c2 position-relative\" data-colibri-component=\"section\" data-colibri-id=\"1817-c2\">\n<div class=\"h-separator\" style=\"height: 60px; top: calc(0px);\">\u00a0<\/div>\n<div class=\"h-separator\" style=\"height: 60px; bottom: calc(0px);\">\u00a0<\/div>\n<div class=\"h-section-grid-container h-section-boxed-container\">\n<div class=\"h-row-container gutters-row-lg-0 gutters-row-md-0 gutters-row-0 gutters-row-v-lg-0 gutters-row-v-md-0 gutters-row-v-0 style-931 style-local-1817-c11 position-relative\" data-colibri-id=\"1817-c11\">\n<div class=\"h-row justify-content-lg-center justify-content-md-center justify-content-center align-items-lg-stretch align-items-md-stretch align-items-stretch gutters-col-lg-0 gutters-col-md-0 gutters-col-0 gutters-col-v-lg-0 gutters-col-v-md-0 gutters-col-v-0\">\n<div class=\"h-column h-column-container d-flex h-col-lg-auto h-col-md-auto h-col-auto style-932-outer style-local-1817-c12-outer\">\n<div class=\"d-flex h-flex-basis h-column__inner h-px-lg-0 h-px-md-0 h-px-0 v-inner-lg-0 v-inner-md-0 v-inner-0 style-932 style-local-1817-c12 position-relative\" data-colibri-id=\"1817-c12\"><\/p>\n<div class=\"w-100 h-y-container h-column__content h-column__v-align flex-basis-100 align-self-lg-start align-self-md-start align-self-start\">\n<div class=\"h-text h-text-component style-933 style-local-1817-c13 position-relative h-element\" data-colibri-id=\"1817-c13\"><\/p>\n<div class=\"\">\n<h1><span style=\"font-size: 70%;\">Formulario de Solicitud de Cr\u00e9dito <\/span><\/h1>\n<\/div>\n<\/div>\n<\/div>\n<\/div>\n<\/div>\n<\/div>\n<\/div>\n<div class=\"h-row-container gutters-row-lg-2 gutters-row-md-2 gutters-row-0 gutters-row-v-lg-2 gutters-row-v-md-2 gutters-row-v-2 style-861 style-local-1817-c3 position-relative\" data-colibri-id=\"1817-c3\">\n<div class=\"h-row justify-content-lg-center justify-content-md-center justify-content-center align-items-lg-stretch align-items-md-stretch align-items-stretch gutters-col-lg-2 gutters-col-md-2 gutters-col-0 gutters-col-v-lg-2 gutters-col-v-md-2 gutters-col-v-2\">\n<div class=\"h-column h-column-container d-flex h-col-lg h-col-md h-col-auto style-862-outer style-local-1817-c4-outer\">\n<div class=\"d-flex h-flex-basis h-column__inner h-px-lg-0 h-px-md-0 h-px-0 v-inner-lg-0 v-inner-md-0 v-inner-0 style-862 style-local-1817-c4 position-relative\" data-colibri-id=\"1817-c4\"><\/p>\n<div class=\"w-100 h-y-container h-column__content h-column__v-align flex-basis-100 align-self-lg-start align-self-md-start align-self-start\">\n<div class=\"h-row-container gutters-row-lg-0 gutters-row-md-0 gutters-row-3 gutters-row-v-lg-0 gutters-row-v-md-0 gutters-row-v-3 style-863 style-local-1817-c5 position-relative\" data-colibri-id=\"1817-c5\">\n<div class=\"h-row justify-content-lg-center justify-content-md-center justify-content-start align-items-lg-center align-items-md-center align-items-center gutters-col-lg-0 gutters-col-md-0 gutters-col-3 gutters-col-v-lg-0 gutters-col-v-md-0 gutters-col-v-3\">\n<div class=\"h-column h-column-container d-flex h-col-lg-auto h-col-md-auto h-col-auto align-self-lg-center align-self-md-center align-self-center style-865-outer style-local-1817-c7-outer\">\n<div class=\"d-flex h-flex-basis h-column__inner h-px-lg-0 h-px-md-0 h-px-0 v-inner-lg-0 v-inner-md-0 v-inner-0 style-865 style-local-1817-c7 position-relative\" data-colibri-id=\"1817-c7\"><\/p>\n<div class=\"w-100 h-y-container h-column__content h-column__v-align flex-basis-auto align-self-lg-center align-self-md-center align-self-start\">\n<div class=\"h-text h-text-component style-866 style-local-1817-c8 position-relative h-element\" data-colibri-id=\"1817-c8\"><\/p>\n<div class=\"\">\n<p><sub style=\"font-size: 150%; font-weight: 500;\">Aplica para un Cr\u00e9dito Fiable y Seguro con EKON<\/sub><\/p>\n<p><sub style=\"font-size: 118%;\">Ten en cuenta que nuestros cr\u00e9ditos requieren una garant\u00eda inmobiliaria.<\/sub><\/p>\n<\/p>\n<\/div>\n<\/div>\n<div class=\"h-contact-form__outer--forminator style-867 style-local-1817-c9 position-relative h-element\" data-colibri-id=\"1817-c9\">\n<div class=\"h-global-transition-all h-global-transition h-global-transition-all h-contact-form-shortcode\">\u00a0<\/div>\n<\/div>\n<\/div>\n<\/div>\n<\/div>\n<\/div>\n<\/div>\n<\/div>\n<\/div>\n<\/div>\n<\/div>\n<\/div>\n<\/div>\n<\/div>\n<\/div>\n\n\n<div class=\"wp-block-group is-vertical is-content-justification-center is-layout-flex wp-container-core-group-is-layout-4b2eccd6 wp-block-group-is-layout-flex\">\n<div class=\"forminator-guttenberg\"><div class=\"forminator-ui forminator-custom-form forminator-custom-form-1622 forminator-design--default  forminator_ajax\" data-forminator-render=\"0\" data-form=\"forminator-module-1622\" data-uid=\"69f5ea0c56416\"><br\/><\/div><form\n\t\t\t\tid=\"forminator-module-1622\"\n\t\t\t\tclass=\"forminator-ui forminator-custom-form forminator-custom-form-1622 forminator-design--default  forminator_ajax\"\n\t\t\t\tmethod=\"post\"\n\t\t\t\tdata-forminator-render=\"0\"\n\t\t\t\tdata-form-id=\"1622\"\n\t\t\t\t data-color-option=\"theme\" data-design=\"default\" data-grid=\"open\" style=\"display: none;\"\n\t\t\t\tdata-uid=\"69f5ea0c56416\"\n\t\t\t><div role=\"alert\" aria-live=\"polite\" class=\"forminator-response-message forminator-error\" aria-hidden=\"true\"><\/div><div class=\"forminator-row\"><div id=\"name-1\" class=\"forminator-field-name forminator-col forminator-col-12 \"><div class=\"forminator-field\"><label for=\"forminator-field-name-1_69f5ea0c56416\" id=\"forminator-field-name-1_69f5ea0c56416-label\" class=\"forminator-label\">Nombre <span class=\"forminator-required\">*<\/span><\/label><input type=\"text\" name=\"name-1\" value=\"\" placeholder=\"Juan Rulfo\" id=\"forminator-field-name-1_69f5ea0c56416\" class=\"forminator-input forminator-name--field\" aria-required=\"true\" autocomplete=\"name\" \/><\/div><\/div><\/div><div class=\"forminator-row\"><div id=\"email-1\" class=\"forminator-field-email forminator-col forminator-col-6 \"><div class=\"forminator-field\"><label for=\"forminator-field-email-1_69f5ea0c56416\" id=\"forminator-field-email-1_69f5ea0c56416-label\" class=\"forminator-label\">Email <span class=\"forminator-required\">*<\/span><\/label><input type=\"email\" name=\"email-1\" value=\"\" placeholder=\"clientes@ekon.ws\" id=\"forminator-field-email-1_69f5ea0c56416\" class=\"forminator-input forminator-email--field\" data-required=\"true\" aria-required=\"true\" autocomplete=\"email\" \/><\/div><\/div><div id=\"phone-1\" class=\"forminator-field-phone forminator-col forminator-col-6 \"><div class=\"forminator-field\"><label for=\"forminator-field-phone-1_69f5ea0c56416\" id=\"forminator-field-phone-1_69f5ea0c56416-label\" class=\"forminator-label\">Tel\u00e9fono con Whatsapp<\/label><input type=\"text\" name=\"phone-1\" value=\"\" placeholder=\"52 55 3333 4444\" id=\"forminator-field-phone-1_69f5ea0c56416\" class=\"forminator-input forminator-field--phone\" data-required=\"\" aria-required=\"false\" autocomplete=\"off\" \/><\/div><\/div><\/div><div class=\"forminator-row\"><div id=\"textarea-2\" class=\"forminator-field-textarea forminator-col forminator-col-12 \"><div class=\"forminator-field\"><label for=\"forminator-field-textarea-2_69f5ea0c56416\" id=\"forminator-field-textarea-2_69f5ea0c56416-label\" class=\"forminator-label\">En caso de buscar un cr\u00e9dito \u00bfEn qu\u00e9 ciudad de M\u00e9xico tienes garant\u00eda?<\/label><textarea name=\"textarea-2\" placeholder=\"Pon la colonia y la ciudad donde se encuentra la garant\u00eda que quieres proponer para obtener un cr\u00e9dito?\" id=\"forminator-field-textarea-2_69f5ea0c56416\" class=\"forminator-textarea\" rows=\"6\" style=\"min-height:140px;\" ><\/textarea><\/div><\/div><\/div><div class=\"forminator-row\"><div id=\"textarea-1\" class=\"forminator-field-textarea forminator-col forminator-col-12 \"><div class=\"forminator-field\"><label for=\"forminator-field-textarea-1_69f5ea0c56416\" id=\"forminator-field-textarea-1_69f5ea0c56416-label\" class=\"forminator-label\">Tienes alguna duda especial, escr\u00edbenos aqu\u00ed.<\/label><textarea name=\"textarea-1\" placeholder=\"\u00bfQu\u00e9 te interesa saber de las soluciones que te ofrece Ekon?\" id=\"forminator-field-textarea-1_69f5ea0c56416\" class=\"forminator-textarea\" rows=\"6\" style=\"min-height:140px;\" maxlength=\"180\" ><\/textarea><span id=\"forminator-field-textarea-1_69f5ea0c56416-description\" class=\"forminator-description\"><span data-limit=\"180\" data-type=\"characters\" data-editor=\"\">0 \/ 180<\/span><\/span><\/div><\/div><\/div><input type=\"hidden\" name=\"referer_url\" value=\"\" \/><div class=\"forminator-row forminator-row-last\"><div class=\"forminator-col\"><div class=\"forminator-field\"><button class=\"forminator-button forminator-button-submit\">Enviar solicitud<\/button><\/div><\/div><\/div><input type=\"hidden\" id=\"forminator_nonce\" name=\"forminator_nonce\" value=\"0f0692c6e5\" \/><input type=\"hidden\" name=\"_wp_http_referer\" value=\"\/inicio\/wp-json\/wp\/v2\/pages\/1817\" \/><input type=\"hidden\" name=\"form_id\" value=\"1622\"><input type=\"hidden\" name=\"page_id\" value=\"1817\"><input type=\"hidden\" name=\"form_type\" value=\"default\"><input type=\"hidden\" name=\"current_url\" value=\"https:\/\/ekon.ws\/inicio\/solicitud-de-credito\/\"><input type=\"hidden\" name=\"render_id\" value=\"0\"><input type=\"hidden\" name=\"action\" value=\"forminator_submit_form_custom-forms\"><label for=\"input_6\" class=\"forminator-hidden\" aria-hidden=\"true\">Please do not fill in this field. <input id=\"input_6\" type=\"text\" name=\"input_6\" value=\"\" autocomplete=\"off\"><\/label><\/form><\/div>\n<\/div>\n","protected":false},"excerpt":{"rendered":"<p>\u00a0 \u00a0 Formulario de Solicitud de Cr\u00e9dito Aplica para un Cr\u00e9dito Fiable y Seguro con EKON Ten en cuenta que nuestros cr\u00e9ditos requieren una garant\u00eda inmobiliaria. \u00a0<\/p>\n","protected":false},"author":1,"featured_media":1171,"parent":0,"menu_order":0,"comment_status":"closed","ping_status":"closed","template":"page-templates\/full-width-page.php","meta":{"footnotes":""},"class_list":["post-1817","page","type-page","status-publish","has-post-thumbnail","hentry"],"_links":{"self":[{"href":"https:\/\/ekon.ws\/inicio\/wp-json\/wp\/v2\/pages\/1817","targetHints":{"allow":["GET"]}}],"collection":[{"href":"https:\/\/ekon.ws\/inicio\/wp-json\/wp\/v2\/pages"}],"about":[{"href":"https:\/\/ekon.ws\/inicio\/wp-json\/wp\/v2\/types\/page"}],"author":[{"embeddable":true,"href":"https:\/\/ekon.ws\/inicio\/wp-json\/wp\/v2\/users\/1"}],"replies":[{"embeddable":true,"href":"https:\/\/ekon.ws\/inicio\/wp-json\/wp\/v2\/comments?post=1817"}],"version-history":[{"count":22,"href":"https:\/\/ekon.ws\/inicio\/wp-json\/wp\/v2\/pages\/1817\/revisions"}],"predecessor-version":[{"id":3301,"href":"https:\/\/ekon.ws\/inicio\/wp-json\/wp\/v2\/pages\/1817\/revisions\/3301"}],"wp:featuredmedia":[{"embeddable":true,"href":"https:\/\/ekon.ws\/inicio\/wp-json\/wp\/v2\/media\/1171"}],"wp:attachment":[{"href":"https:\/\/ekon.ws\/inicio\/wp-json\/wp\/v2\/media?parent=1817"}],"curies":[{"name":"wp","href":"https:\/\/api.w.org\/{rel}","templated":true}]}}